 13, what is 5 - -306?
30b
In base 4, what is -2303130 + 2?
-2303122
In base 6, what is -10013 - 13?
-10030
In base 3, what is 1002200 + 12?
1002212
In base 7, what is -153 - -100?
-53
In base 2, what is -101 - -111101?
111000
In base 3, what is 100000 + 11?
100011
In base 10, what is -26 + 73?
47
In base 10, what is 6887 + 1?
6888
In base 8, what is 532 - 4?
526
In base 6, what is 1230 - 2?
1224
In base 6, what is -3 + 213?
210
In base 5, what is -43144 - 0?
-43144
In base 8, what is -4 - -24?
20
In base 14, what is -4 + 21d?
219
In base 16, what is -11 + 5b?
4a
In base 8, what is -2 - 106?
-110
In base 3, what is 111 - -11?
122
In base 4, what is 3 + -113?
-110
In base 5, what is 0 + 140?
140
In base 8, what is -5 + -1601?
-1606
In base 3, what is -11001101 - -12?
-11001012
In base 14, what is 10 + 1122?
1132
In base 4, what is 10 - 10321?
-10311
In base 16, what is 1c9 + 0?
1c9
In base 16, what is -3 - -305?
302
In base 13, what is 803c - -4?
8043
In base 5, what is 212 + -14?
143
In base 7, what is -20 + 500?
450
In base 11, what is -1 + -18a?
-190
In base 16, what is 5 - -e7?
ec
In base 2, what is 110 - -1011000101?
1011001011
In base 7, what is -33363 - 3?
-33366
In base 13, what is -2b6 - a?
-2c3
In base 15, what is 1 - 1c?
-1b
In base 5, what is -2242 + -10?
-2302
In base 15, what is 4 - -d2b?
d30
In base 2, what is 11 + 100101?
101000
In base 14, what is 35 + -2?
33
In base 10, what is -5 + -38?
-43
In base 12, what is -8 - 21?
-29
In base 5, what is 3 - -1203?
1211
In base 15, what is 3 - -8?
b
In base 7, what is -16 - -34?
15
In base 7, what is -5 - 531?
-536
In base 16, what is -188 - -1?
-187
In base 9, what is 73 - 1?
72
In base 2, what is -1111010000 - 11?
-1111010011
In base 12, what is -1 + -324?
-325
In base 3, what is 202 - 10?
122
In base 8, what is 4 - -113?
117
In base 13, what is 32 - 2?
30
In base 12, what is 4 - 10a4?
-10a0
In base 10, what is -66 - 0?
-66
In base 13, what is -19 + 296?
27a
In base 15, what is -5 + 37?
32
In base 3, what is -1 + -1111110?
-1111111
In base 5, what is 321 - -2022?
2343
In base 15, what is 8 - -1a5?
1ad
In base 6, what is 134 - 5?
125
In base 14, what is -1b + 23?
6
In base 13, what is 1 - 4ab?
-4aa
In base 10, what is -3 - 168?
-171
In base 11, what is 0 + 1?
1
In base 2, what is -1010010 + 11000101?
1110011
In base 13, what is -2a75 + -1?
-2a76
In base 8, what is -7 + -1501?
-1510
In base 9, what is 48 + -7?
41
In base 2, what is -100100111 + -10?
-100101001
In base 15, what is 11 + 19?
2a
In base 16, what is -127 - -42?
-e5
In base 6, what is -113 + 24?
-45
In base 16, what is a9 + 6?
af
In base 3, what is 102 - 121?
-12
In base 14, what is -d + -23?
-32
In base 2, what is -100 - -111100111111?
111100111011
In base 4, what is 0 - 311010?
-311010
In base 7, what is 1250 + 2?
1252
In base 7, what is -5 + 213?
205
In base 4, what is 330 - -21?
1011
In base 16, what is -11 + 5?
-c
In base 11, what is 3 - -2645?
2648
In base 14, what is 2 + 7d?
81
In base 14, what is 11c - -1?
11d
In base 6, what is -2 - -124?
122
In base 14, what is -28 + -10?
-38
In base 4, what is -12102 - -10?
-12032
In base 12, what is -31 - 0?
-31
In base 16, what is -233 - -5?
-22e
In base 4, what is -1 - -23302?
23301
In base 2, what is -100011 + -1?
-100100
In base 8, what is 3 - 2652?
-2647
In base 13, what is 39 - b?
2b
In base 3, what is 2112 + 22?
2211
In base 9, what is -132 - -1?
-131
In base 6, what is 0 - -1224?
1224
In base 13, what is 1 - -21b?
21c
In base 7, what is -4 - 5303?
-5310
In base 12, what is 5 + 0?
5
In base 5, what is 4 + -10411?
-10402
In base 11, what is -4 + 162?
159
In base 16, what is 1 - fa?
-f9
In base 5, what is -1 - 20?
-21
In base 6, what is 11 + 150?
201
In base 4, what is 302 + -10010?
-3102
In base 8, what is 146 - 100?
46
In base 7, what is -3 + 3361?
3355
In base 6, what is -132 + 110?
-22
In base 4, what is -313210 + 3?
-313201
In base 11, what is 570 - 7?
564
In base 8, what is 364 + -5?
357
In base 11, what is -1 + 266?
265
In base 16, what is -f9 - 1?
-fa
In base 14, what is -6 - 4c6?
-4cc
In base 15, what is 2d82 - 1?
2d81
In base 12, what is -2802 - -5?
-27b9
In base 11, what is 58 - -3?
60
In base 16, what is -2 + 64?
62
In base 15, what is -e + -17d?
-18c
In base 6, what is -2 + 1413?
1411
In base 8, what is -3 - 20?
-23
In base 11, what is 1948 - -2?
194a
In base 4, what is -20213 - 11?
-20230
In base 8, what is 1311 - 4?
1305
In base 12, what is 9 - -2?
b
In base 4, what is -203 + 13?
-130
In base 6, what is -15 + 1543?
1524
In base 4, what is 32 - 13?
13
In base 9, what is -1 + -48?
-50
In base 13, what is -29 + 0?
-29
In base 13, what is -4 - -42?
3b
In base 3, what is -122 + -1102102?
-1110001
In base 8, what is 12053 - 4?
12047
In base 13, what is 1257 - 3?
1254
In base 2, what is -1 + 1011111000?
1011110111
In base 9, what is 15 + -2?
13
In base 2, what is -1000010000 + -1?
-1000010001
In base 10, what is 635 - -21?
656
In base 12, what is -63a + 5?
-635
In base 2, what is -11011001 - 1000?
-11100001
In base 16, what is -31 + -30?
-61
In base 12, what is 269 - 0?
269
In base 15, what is 89b - -5?
8a1
In base 2, what is 1011 - -10010?
11101
In base 9, what is 455 + 1?
456
In base 2, what is 1101001 - 1010?
1011111
In base 11, what is -1 + -116?
-117
In base 2, what is -100111100 - 1010100?
-110010000
In base 16, what is -46 - 8?
-4e
In base 7, what is 1323 + 2?
1325
In base 4, what is 3 - 1322?
-1313
In base 8, what is 522 - 10?
512
In base 7, what is -1 + -116?
-120
In base 7, what is 144 + 4?
151
In base 13, what is 0 + 72?
72
In base 12, what is 9 + -54a?
-541
In base 7, what is -4 - 61?
-65
In base 9, what is -1 - 46?
-47
In base 2, what is -101001010 - -100?
-101000110
In base 6, what is -14123 - -5?
-14114
In base 2, what is 10100 + 10111101?
11010001
In base 15, what is 1a + 8d?
a8
In base 7, what is -522 + 2?
-520
In base 13, what is -909 + 3?
-906
In base 11, what is -3564 + -1?
-3565
In base 3, what is -112000 - -12?
-111211
In base 8, what is -704 + -2?
-706
In base 5, what is 14132 - 10?
14122
In base 6, what is 503 + 3?
510
In base 3, what is 1120 + -111000?
-102110
In base 8, what is 4 + 44?
50
In base 8, what is -15 + 1?
-14
In base 10, what is 1682 - -1?
1683
In base 5, what is 24 + 31?
110
In base 10, what is 0 - -3?
3
In base 7, what is 62 + -3?
56
In base 8, what is 4 + -337?
-333
In base 15, what is -2b8 - -1?
-2b7
In base 13, what is 7b - -29?
a7
In base 2, what is -1110101001 + -10?
-1110101011
In base 9, what is -18 + 37?
18
In base 16, what is 30a + 1?
30b
In base 13, what is 13 - 6?
a
In base 2, what is 1011111 + -101010?
110101
In base 3, what is 2 - 120?
-111
In base 9, what is -187 - 3?
-201
In base 6, what is 5323 - 0?
5323
In base 4, what is 3023 + -13?
3010
In base 10, what is 238 + 1?
239
In base 11, what is -5 + -26a5?
-26aa
In base 12, what is 1811 + 4?
1815
In base 13, what is -4 - 553?
-557
In base 8, what is 372 - -14?
406
In base 3, what is 202002 + -2?
202000
In base 5, what is 3 - -11042?
11100
In base 14, what is 17 - a?
b
In base 15, what is -24 + 5?
-1e
In base 14, what is 189 - 2?
187
In base 16, what is 3 - 32?
-2f
In base 9, what is 64 + 11?
75
In base 14, what is 1 - 72?
-71
In base 14, what is -a + b?
1
In base 12, what is 1096 - -1?
1097
In base 3, what is 101 - 1102111?
-1102010
In base 3, what is 0 + 2010?
2010
In base 16, what is -2 - -43?
41
In base 6, what is 10 + 4250?
4300
In base 14, what is 0 - 44?
-44
In base 13, what is -3 + 17ac?
17a9
In base 6, what is 415 + -22?
353
In base 15, what is 150 - 0?
150
In base 2, what is -101 + -11110011?
-11111000
In base 9, what is 1 - 4610?
-4608
In base 9, what is -1 + -1684?
-1685
In base 8, what is -15 + 500?
463
In base 12, what is -15 + 154?
13b
In base 13, what is -31a - 5?
-322
In base 13, what is 1184 - 2?
1182
In base 16, what is 5 - -ed?
f2
In base 12, what is -2 + b1?
ab
In base 12, what is -15 - -48?
33
In base 5, what is -3 - -1344?
1341
In base 2, what is -1101100001 + -100?
-1101100101
In base 10, what is -30 - -14?
-16
In base 6, what is 10224 - -3?
10231
In base 2, what is -10 - -1100010?
1100000
In base 15, what is 0 + 10?
10
In base 9, what is 0 - 360?
-360
In base 10, what is 2 + -3618?
-3616
In base 6, what is -124 - 123?
-251
In base 8, what i